{"id":2688,"date":"2025-08-11T05:59:43","date_gmt":"2025-08-11T05:59:43","guid":{"rendered":"https:\/\/casabenissa.nl\/ufaq\/is-er-audiovisuele-apparatuur-beschikbaar-2\/"},"modified":"2025-08-11T05:59:43","modified_gmt":"2025-08-11T05:59:43","slug":"is-er-audiovisuele-apparatuur-beschikbaar-2","status":"publish","type":"ufaq","link":"https:\/\/casabenissa.nl\/es\/ufaq\/is-er-audiovisuele-apparatuur-beschikbaar-2\/","title":{"rendered":"\u00bfHay equipo audiovisual disponible?"},"content":{"rendered":"<div  class=\"ewd-ufaq-faq-list ewd-ufaq-page-type-distinct ewd-ufaq-category-tabs-\" id='ewd-ufaq-faq-list'>\n\n\t<input type='hidden' name='show_on_load' value='' id='ewd-ufaq-show-on-load' \/>\n<input type='hidden' name='include_category' value='' id='ewd-ufaq-include-category' \/>\n<input type='hidden' name='exclude_category' value='' id='ewd-ufaq-exclude-category' \/>\n<input type='hidden' name='orderby' value='title' id='ewd-ufaq-orderby' \/>\n<input type='hidden' name='order' value='asc' id='ewd-ufaq-order' \/>\n<input type='hidden' name='post_count' value='-1' id='ewd-ufaq-post-count' \/>\n<input type='hidden' name='current_url' value='\/es\/wp-json\/wp\/v2\/ufaq\/2688' id='ewd-ufaq-current-url' \/>\n\t\n\t\n\t<div class='ewd-ufaq-faqs'>\n\n\t\t<div  class=\"ewd-ufaq-faq-div ewd-ufaq-faq-column-count-one ewd-ufaq-faq-responsive-columns- ewd-ufaq-faq-display-style-default ewd-ufaq-can-be-toggled\" id='ewd-ufaq-post-2688-iFwXjkUWGM' data-post_id='2688'>\n\n\t\t\n\t<div class='ewd-ufaq-faq-title ewd-ufaq-faq-toggle'>\n\t\n\t<a class='ewd-ufaq-post-margin'  href='#' role=\"button\">\n\n\t\t<div class='ewd-ufaq-post-margin-symbol ewd-ufaq-'>\n\t\t\t<span >A<\/span>\n\t\t<\/div>\n\n\t\t<div class='ewd-ufaq-faq-title-text'>\n\n\t\t\t<h4>\n\t\t\t\t\u00bfHay equipo audiovisual disponible?\t\t\t<\/h4>\n\n\t\t<\/div>\n\n\t\t<div class='ewd-ufaq-clear'><\/div>\n\n\t<\/a>\n\t\n<\/div>\n\t\n\t<div class='ewd-ufaq-faq-body' >\n\n\t\t\n\t\t\t\n\t\t\n\t\t\t<div class='ewd-ufaq-post-margin ewd-ufaq-faq-post'>\n\t<p>S\u00ed, disponemos de proyector y sistema de sonido. Inf\u00f3rmenos con antelaci\u00f3n qu\u00e9 necesita y nos aseguraremos de que todo est\u00e9 listo.<\/p>\n<\/div>\n\t\t\n\t\t\t\n\t\t\n\t\t\t\n\t\t\n\t\t\t\n\t\t\n\t\t\t\n\t\t\n\t\t\t\n\t\t\n\t\t\t\n\t\t\n\t\t\t\n\t\t\n\t\t\t\n\t\t\n\t<\/div>\n\n<\/div>\n\t<\/div>\n\n\t\n<\/div>","protected":false},"excerpt":{"rendered":"<p>A Is er audiovisuele apparatuur beschikbaar? Ja, er is een beamer en geluidsinstallatie beschikbaar. Laat vooraf weten wat je nodig hebt, dan zorgen we dat alles klaarstaat.<\/p>","protected":false},"author":1,"featured_media":0,"comment_status":"","ping_status":"closed","template":"","ufaq-category":[167],"ufaq-tag":[],"class_list":{"0":"post-2688","1":"ufaq","2":"type-ufaq","3":"status-publish","5":"ufaq-category-voorzieningen-comfort"},"yoast_head":"<!-- This site is optimized with the Yoast SEO Premium plugin v21.3 (Yoast SEO v27.5) - https:\/\/yoast.com\/product\/yoast-seo-premium-wordpress\/ -->\n<title>Is er audiovisuele apparatuur beschikbaar?<\/title>\n<meta name=\"robots\" content=\"index, follow, max-snippet:-1, max-image-preview:large, max-video-preview:-1\" \/>\n<link rel=\"canonical\" href=\"https:\/\/casabenissa.nl\/es\/ufaq\/is-er-audiovisuele-apparatuur-beschikbaar-2\/\" \/>\n<meta property=\"og:locale\" content=\"es_ES\" \/>\n<meta property=\"og:type\" content=\"article\" \/>\n<meta property=\"og:title\" content=\"Is er audiovisuele apparatuur beschikbaar?\" \/>\n<meta property=\"og:description\" content=\"A Is er audiovisuele apparatuur beschikbaar? Ja, er is een beamer en geluidsinstallatie beschikbaar. Laat vooraf weten wat je nodig hebt, dan zorgen we dat alles klaarstaat.\" \/>\n<meta property=\"og:url\" content=\"https:\/\/casabenissa.nl\/es\/ufaq\/is-er-audiovisuele-apparatuur-beschikbaar-2\/\" \/>\n<meta property=\"og:site_name\" content=\"Casa Benissa\" \/>\n<meta property=\"og:image\" content=\"https:\/\/casabenissa.nl\/wp-content\/uploads\/Trainingslocatie-Spanje.jpg\" \/>\n\t<meta property=\"og:image:width\" content=\"1280\" \/>\n\t<meta property=\"og:image:height\" content=\"720\" \/>\n\t<meta property=\"og:image:type\" content=\"image\/jpeg\" \/>\n<meta name=\"twitter:card\" content=\"summary_large_image\" \/>\n<script type=\"application\/ld+json\" class=\"yoast-schema-graph\">{\"@context\":\"https:\\\/\\\/schema.org\",\"@graph\":[{\"@type\":\"WebPage\",\"@id\":\"https:\\\/\\\/casabenissa.nl\\\/ufaq\\\/is-er-audiovisuele-apparatuur-beschikbaar-2\\\/\",\"url\":\"https:\\\/\\\/casabenissa.nl\\\/ufaq\\\/is-er-audiovisuele-apparatuur-beschikbaar-2\\\/\",\"name\":\"Is er audiovisuele apparatuur beschikbaar?\",\"isPartOf\":{\"@id\":\"https:\\\/\\\/casabenissa.nl\\\/es\\\/#website\"},\"datePublished\":\"2025-08-11T05:59:43+00:00\",\"breadcrumb\":{\"@id\":\"https:\\\/\\\/casabenissa.nl\\\/ufaq\\\/is-er-audiovisuele-apparatuur-beschikbaar-2\\\/#breadcrumb\"},\"inLanguage\":\"es\",\"potentialAction\":[{\"@type\":\"ReadAction\",\"target\":[\"https:\\\/\\\/casabenissa.nl\\\/ufaq\\\/is-er-audiovisuele-apparatuur-beschikbaar-2\\\/\"]}]},{\"@type\":\"BreadcrumbList\",\"@id\":\"https:\\\/\\\/casabenissa.nl\\\/ufaq\\\/is-er-audiovisuele-apparatuur-beschikbaar-2\\\/#breadcrumb\",\"itemListElement\":[{\"@type\":\"ListItem\",\"position\":1,\"name\":\"Home\",\"item\":\"https:\\\/\\\/casabenissa.nl\\\/es\\\/\"},{\"@type\":\"ListItem\",\"position\":2,\"name\":\"FAQ's\",\"item\":\"https:\\\/\\\/vh2023izdeb-0.hosting-space.nl\\\/ufaq\\\/\"},{\"@type\":\"ListItem\",\"position\":3,\"name\":\"Is er audiovisuele apparatuur beschikbaar?\"}]},{\"@type\":\"WebSite\",\"@id\":\"https:\\\/\\\/casabenissa.nl\\\/es\\\/#website\",\"url\":\"https:\\\/\\\/casabenissa.nl\\\/es\\\/\",\"name\":\"Casa Benissa | Trainingslocatie in Spanje\",\"description\":\"Trainingslocatie in Costa Blanca - Spanje\",\"publisher\":{\"@id\":\"https:\\\/\\\/casabenissa.nl\\\/es\\\/#organization\"},\"alternateName\":\"Huur een trainingslocatie in de Costa Blanca\",\"potentialAction\":[{\"@type\":\"SearchAction\",\"target\":{\"@type\":\"EntryPoint\",\"urlTemplate\":\"https:\\\/\\\/casabenissa.nl\\\/es\\\/?s={search_term_string}\"},\"query-input\":{\"@type\":\"PropertyValueSpecification\",\"valueRequired\":true,\"valueName\":\"search_term_string\"}}],\"inLanguage\":\"es\"},{\"@type\":\"Organization\",\"@id\":\"https:\\\/\\\/casabenissa.nl\\\/es\\\/#organization\",\"name\":\"Casa Benissa\",\"url\":\"https:\\\/\\\/casabenissa.nl\\\/es\\\/\",\"logo\":{\"@type\":\"ImageObject\",\"inLanguage\":\"es\",\"@id\":\"https:\\\/\\\/casabenissa.nl\\\/es\\\/#\\\/schema\\\/logo\\\/image\\\/\",\"url\":\"https:\\\/\\\/casabenissa.nl\\\/wp-content\\\/uploads\\\/Casa-benissa-logo.png\",\"contentUrl\":\"https:\\\/\\\/casabenissa.nl\\\/wp-content\\\/uploads\\\/Casa-benissa-logo.png\",\"width\":600,\"height\":300,\"caption\":\"Casa Benissa\"},\"image\":{\"@id\":\"https:\\\/\\\/casabenissa.nl\\\/es\\\/#\\\/schema\\\/logo\\\/image\\\/\"}}]}<\/script>\n<!-- \/ Yoast SEO Premium plugin. -->","yoast_head_json":{"title":"\u00bfHay equipo audiovisual disponible?","robots":{"index":"index","follow":"follow","max-snippet":"max-snippet:-1","max-image-preview":"max-image-preview:large","max-video-preview":"max-video-preview:-1"},"canonical":"https:\/\/casabenissa.nl\/es\/ufaq\/is-er-audiovisuele-apparatuur-beschikbaar-2\/","og_locale":"es_ES","og_type":"article","og_title":"Is er audiovisuele apparatuur beschikbaar?","og_description":"A Is er audiovisuele apparatuur beschikbaar? Ja, er is een beamer en geluidsinstallatie beschikbaar. Laat vooraf weten wat je nodig hebt, dan zorgen we dat alles klaarstaat.","og_url":"https:\/\/casabenissa.nl\/es\/ufaq\/is-er-audiovisuele-apparatuur-beschikbaar-2\/","og_site_name":"Casa Benissa","og_image":[{"width":1280,"height":720,"url":"https:\/\/casabenissa.nl\/wp-content\/uploads\/Trainingslocatie-Spanje.jpg","type":"image\/jpeg"}],"twitter_card":"summary_large_image","schema":{"@context":"https:\/\/schema.org","@graph":[{"@type":"WebPage","@id":"https:\/\/casabenissa.nl\/ufaq\/is-er-audiovisuele-apparatuur-beschikbaar-2\/","url":"https:\/\/casabenissa.nl\/ufaq\/is-er-audiovisuele-apparatuur-beschikbaar-2\/","name":"\u00bfHay equipo audiovisual disponible?","isPartOf":{"@id":"https:\/\/casabenissa.nl\/es\/#website"},"datePublished":"2025-08-11T05:59:43+00:00","breadcrumb":{"@id":"https:\/\/casabenissa.nl\/ufaq\/is-er-audiovisuele-apparatuur-beschikbaar-2\/#breadcrumb"},"inLanguage":"es","potentialAction":[{"@type":"ReadAction","target":["https:\/\/casabenissa.nl\/ufaq\/is-er-audiovisuele-apparatuur-beschikbaar-2\/"]}]},{"@type":"BreadcrumbList","@id":"https:\/\/casabenissa.nl\/ufaq\/is-er-audiovisuele-apparatuur-beschikbaar-2\/#breadcrumb","itemListElement":[{"@type":"ListItem","position":1,"name":"Home","item":"https:\/\/casabenissa.nl\/es\/"},{"@type":"ListItem","position":2,"name":"FAQ's","item":"https:\/\/vh2023izdeb-0.hosting-space.nl\/ufaq\/"},{"@type":"ListItem","position":3,"name":"Is er audiovisuele apparatuur beschikbaar?"}]},{"@type":"WebSite","@id":"https:\/\/casabenissa.nl\/es\/#website","url":"https:\/\/casabenissa.nl\/es\/","name":"Casa Benissa | Centro de formaci\u00f3n en Espa\u00f1a","description":"Lugar de entrenamiento en Costa Blanca - Espa\u00f1a","publisher":{"@id":"https:\/\/casabenissa.nl\/es\/#organization"},"alternateName":"Huur een trainingslocatie in de Costa Blanca","potentialAction":[{"@type":"SearchAction","target":{"@type":"EntryPoint","urlTemplate":"https:\/\/casabenissa.nl\/es\/?s={search_term_string}"},"query-input":{"@type":"PropertyValueSpecification","valueRequired":true,"valueName":"search_term_string"}}],"inLanguage":"es"},{"@type":"Organization","@id":"https:\/\/casabenissa.nl\/es\/#organization","name":"Casa Benissa","url":"https:\/\/casabenissa.nl\/es\/","logo":{"@type":"ImageObject","inLanguage":"es","@id":"https:\/\/casabenissa.nl\/es\/#\/schema\/logo\/image\/","url":"https:\/\/casabenissa.nl\/wp-content\/uploads\/Casa-benissa-logo.png","contentUrl":"https:\/\/casabenissa.nl\/wp-content\/uploads\/Casa-benissa-logo.png","width":600,"height":300,"caption":"Casa Benissa"},"image":{"@id":"https:\/\/casabenissa.nl\/es\/#\/schema\/logo\/image\/"}}]}},"_links":{"self":[{"href":"https:\/\/casabenissa.nl\/es\/wp-json\/wp\/v2\/ufaq\/2688","targetHints":{"allow":["GET"]}}],"collection":[{"href":"https:\/\/casabenissa.nl\/es\/wp-json\/wp\/v2\/ufaq"}],"about":[{"href":"https:\/\/casabenissa.nl\/es\/wp-json\/wp\/v2\/types\/ufaq"}],"author":[{"embeddable":true,"href":"https:\/\/casabenissa.nl\/es\/wp-json\/wp\/v2\/users\/1"}],"replies":[{"embeddable":true,"href":"https:\/\/casabenissa.nl\/es\/wp-json\/wp\/v2\/comments?post=2688"}],"wp:attachment":[{"href":"https:\/\/casabenissa.nl\/es\/wp-json\/wp\/v2\/media?parent=2688"}],"wp:term":[{"taxonomy":"ufaq-category","embeddable":true,"href":"https:\/\/casabenissa.nl\/es\/wp-json\/wp\/v2\/ufaq-category?post=2688"},{"taxonomy":"ufaq-tag","embeddable":true,"href":"https:\/\/casabenissa.nl\/es\/wp-json\/wp\/v2\/ufaq-tag?post=2688"}],"curies":[{"name":"gracias","href":"https:\/\/api.w.org\/{rel}","templated":true}]}}

<div  class="ewd-ufaq-faq-list ewd-ufaq-page-type-distinct ewd-ufaq-category-tabs-" id='ewd-ufaq-faq-list'>

	<input type='hidden' name='show_on_load' value='' id='ewd-ufaq-show-on-load' />
<input type='hidden' name='include_category' value='' id='ewd-ufaq-include-category' />
<input type='hidden' name='exclude_category' value='' id='ewd-ufaq-exclude-category' />
<input type='hidden' name='orderby' value='title' id='ewd-ufaq-orderby' />
<input type='hidden' name='order' value='asc' id='ewd-ufaq-order' />
<input type='hidden' name='post_count' value='-1' id='ewd-ufaq-post-count' />
<input type='hidden' name='current_url' value='/es/wp-json/wp/v2/ufaq/2688' id='ewd-ufaq-current-url' />
	
	
	<div class='ewd-ufaq-faqs'>

		<div  class="ewd-ufaq-faq-div ewd-ufaq-faq-column-count-one ewd-ufaq-faq-responsive-columns- ewd-ufaq-faq-display-style-default ewd-ufaq-can-be-toggled" id='ewd-ufaq-post-2688-iFwXjkUWGM' data-post_id='2688'>

		
	<div class='ewd-ufaq-faq-title ewd-ufaq-faq-toggle'>
	
	<a class='ewd-ufaq-post-margin'  href='#' role="button">

		<div class='ewd-ufaq-post-margin-symbol ewd-ufaq-'>
			<span >A</span>
		</div>

		<div class='ewd-ufaq-faq-title-text'>

			<h4>
				¿Hay equipo audiovisual disponible?			</h4>

		</div>

		<div class='ewd-ufaq-clear'></div>

	</a>
	
</div>
	
	<div class='ewd-ufaq-faq-body' >

		
			
		
			<div class='ewd-ufaq-post-margin ewd-ufaq-faq-post'>
	<p>Sí, disponemos de proyector y sistema de sonido. Infórmenos con antelación qué necesita y nos aseguraremos de que todo esté listo.</p>
</div>
		
			
		
			
		
			
		
			
		
			
		
			
		
			
		
			
		
	</div>

</div>
	</div>

	
</div>

Casa Benissa | Centro de formación en España

Lugar de entrenamiento en Costa Blanca - España
